{"id":50,"date":"2020-09-08T20:15:12","date_gmt":"2020-09-08T18:15:12","guid":{"rendered":"https:\/\/pammerich.lima-city.de\/?page_id=50"},"modified":"2020-09-10T11:02:13","modified_gmt":"2020-09-10T09:02:13","slug":"veroeffentlichen","status":"publish","type":"page","link":"https:\/\/pammerich.lima-city.de\/?page_id=50","title":{"rendered":"Digital unterst\u00fctztes Lernen"},"content":{"rendered":"<h2>Digitales Lernen &#8211; Telelernen &#8211; Blended learning<\/h2>\n<p><strong>Digitales Lernen<\/strong>\u00a0hat \u00fcberraschend enorme Wichtigkeit erlangt<\/p>\n<p><strong>Mein Angebot<\/strong>\u00a0(auch \u00fcber die Corona Krise hinaus)<\/p>\n<p><strong>Lesen, Schreiben, Rechnen, Allgemeinbildung \u2026.<\/strong><\/p>\n<p>in Kombination :\u00a0<strong>Fernlehre, (wenn wieder m\u00f6glich) mit Pr\u00e4senzbegleitung<\/strong><\/p>\n<p>&#8211; Beratung, Begleitung, f\u00fcr Kinder, Jugendliche, Schulen (SCHILF), LehrerInnen, etc&#8230;.<\/p>\n<p>beginnend bei Grundschulkindern (Individuell oder in Kleingruppen),<\/p>\n<p><strong>Hardwareberatung, Softwareberatung, Installationshilfen, E-Didaktik<\/strong><\/p>\n<p>(wie lernt man womit am besten ?)<\/p>\n<p><a href=\"http:\/\/www.oriolus.de\/\">www.oriolus.de<\/a>, Liveworksheets, Sofatutor, Legastheniebetreuung, digital lesen lernen<\/p>\n<p>usw.usw.<\/p>\n<p><strong>immer individuell abgestimmt auf die\/den Lernenden\/n<\/strong><\/p>\n<p><strong>Nicht nur Beratung, sondern auch immer hochqualitative Begleitung!!!<\/strong><\/p>\n<p><img loading=\"lazy\" class=\"singleImage\" title=\"\" src=\"https:\/\/www.erichpammer.at\/media\/images\/elearning2.jpg\" alt=\"\" width=\"363\" height=\"552\" \/><\/p>\n<p><strong>Kontakt<\/strong><\/p>\n<p><a href=\"mailto:erich.pammer@gmx.at\"><strong>erich.pammer@gmx.at<\/strong><\/a><\/p>\n<p><strong>06604538300 &#8211; WhatsApp<\/strong><\/p>\n<p>&nbsp;<\/p>\n<p><img loading=\"lazy\" class=\"singleImage\" title=\"\" src=\"https:\/\/www.erichpammer.at\/media\/images\/elearning4.jpg\" alt=\"\" width=\"366\" height=\"245\" \/><\/p>\n<p>&nbsp;<\/p>\n","protected":false},"excerpt":{"rendered":"<p>Digitales Lernen &#8211; Telelernen &#8211; Blended learning Digitales Lernen\u00a0hat \u00fcberraschend enorme Wichtigkeit erlangt Mein Angebot\u00a0(auch \u00fcber die Corona Krise hinaus) Lesen, Schreiben, Rechnen, Allgemeinbildung \u2026. in Kombination :\u00a0Fernlehre, (wenn wieder m\u00f6glich) mit Pr\u00e4senzbegleitung &#8211; Beratung, Begleitung, f\u00fcr Kinder, Jugendliche, Schulen (SCHILF), LehrerInnen, etc&#8230;. beginnend bei Grundschulkindern (Individuell oder in Kleingruppen), Hardwareberatung, Softwareberatung, Installationshilfen, E-Didaktik (wie [&hellip;]<\/p>\n","protected":false},"author":1,"featured_media":0,"parent":0,"menu_order":0,"comment_status":"closed","ping_status":"closed","template":"","meta":[],"_links":{"self":[{"href":"https:\/\/pammerich.lima-city.de\/index.php?rest_route=\/wp\/v2\/pages\/50"}],"collection":[{"href":"https:\/\/pammerich.lima-city.de\/index.php?rest_route=\/wp\/v2\/pages"}],"about":[{"href":"https:\/\/pammerich.lima-city.de\/index.php?rest_route=\/wp\/v2\/types\/page"}],"author":[{"embeddable":true,"href":"https:\/\/pammerich.lima-city.de\/index.php?rest_route=\/wp\/v2\/users\/1"}],"replies":[{"embeddable":true,"href":"https:\/\/pammerich.lima-city.de\/index.php?rest_route=%2Fwp%2Fv2%2Fcomments&post=50"}],"version-history":[{"count":3,"href":"https:\/\/pammerich.lima-city.de\/index.php?rest_route=\/wp\/v2\/pages\/50\/revisions"}],"predecessor-version":[{"id":76,"href":"https:\/\/pammerich.lima-city.de\/index.php?rest_route=\/wp\/v2\/pages\/50\/revisions\/76"}],"wp:attachment":[{"href":"https:\/\/pammerich.lima-city.de\/index.php?rest_route=%2Fwp%2Fv2%2Fmedia&parent=50"}],"curies":[{"name":"wp","href":"https:\/\/api.w.org\/{rel}","templated":true}]}}